28 and 74499.
57
Calculate the greatest common divisor of 26180 and 8755.
85
Calculate the highest common factor of 18886 and 4256.
266
What is the highest common divisor of 38038 and 546?
182
Calculate the greatest common factor of 1392 and 1476564.
348
What is the greatest common factor of 71573 and 19?
19
Calculate the highest common factor of 527 and 7227278.
527
What is the highest common factor of 3290079 and 26?
13
What is the greatest common divisor of 54 and 335799?
27
What is the greatest common divisor of 132 and 23562?
66
Calculate the highest common divisor of 638 and 176.
22
What is the highest common factor of 2485 and 3337?
71
What is the greatest common divisor of 85747 and 19?
19
What is the greatest common factor of 18357 and 14877?
87
What is the greatest common factor of 60 and 66?
6
Calculate the greatest common factor of 131715 and 180.
45
What is the highest common divisor of 10836 and 946?
86
Calculate the highest common divisor of 261 and 94366.
29
What is the greatest common factor of 936 and 20241?
117
What is the greatest common divisor of 468 and 14742?
234
What is the greatest common divisor of 234 and 349674?
78
What is the highest common factor of 1729 and 2793?
133
What is the greatest common factor of 713 and 6913?
31
Calculate the greatest common divisor of 1707340 and 285.
95
Calculate the greatest common factor of 87175 and 935.
55
What is the greatest common factor of 154116 and 240?
12
Calculate the greatest common divisor of 247 and 612599.
13
Calculate the greatest common divisor of 90 and 28320.
30
What is the greatest common divisor of 1998597 and 387?
129
What is the highest common divisor of 3276 and 27468?
252
What is the highest common divisor of 204 and 736576?
68
Calculate the highest common divisor of 27670 and 730.
10
What is the greatest common divisor of 485 and 68191?
97
What is the greatest common divisor of 12106883 and 538?
269
Calculate the highest common divisor of 826 and 87458.
14
Calculate the greatest common factor of 129312 and 416.
32
What is the highest common factor of 84 and 34314?
42
Calculate the greatest common divisor of 282 and 392638.
94
What is the highest common factor of 896 and 33572?
28
Calculate the highest common divisor of 527 and 459.
17
What is the highest common factor of 266752 and 521?
521
What is the highest common factor of 40 and 404870?
10
Calculate the greatest common factor of 1534 and 5701111.
767
What is the greatest common factor of 2685 and 15036?
537
What is the greatest common factor of 1 and 6803?
1
What is the highest common factor of 5 and 221281?
1
What is the greatest common factor of 472 and 928?
8
What is the highest common factor of 2670 and 25770?
30
What is the greatest common divisor of 14861 and 1967?
7
What is the highest common divisor of 32997 and 271093?
647
What is the highest common factor of 405 and 200295?
45
Calculate the highest common factor of 357 and 56070.
21
What is the greatest common divisor of 133797 and 309?
309
What is the highest common divisor of 201 and 1407?
201
Calculate the highest common divisor of 13257889 and 43.
43
Calculate the greatest common divisor of 2155572 and 1944.
324
What is the highest common factor of 266065 and 1905?
635
What is the highest common factor of 1307300 and 20?
20
Calculate the highest common factor of 10914 and 816.
102
What is the greatest common divisor of 11849 and 3321?
41
What is the greatest common divisor of 163415 and 7?
7
What is the greatest common divisor of 24092 and 57?
19
Calculate the highest common divisor of 3672 and 77724.
612
Calculate the highest common divisor of 744011 and 659.
659
What is the highest common factor of 800 and 172400?
400
Calculate the highest common factor of 441 and 108339.
147
What is the highest common divisor of 12742940 and 980?
980
What is the highest common factor of 1643 and 119133?
31
What is the highest common factor of 6765 and 9900?
165
What is the greatest common divisor of 1526073 and 2346?
1173
Calculate the highest common divisor of 171856 and 8096.
368
What is the greatest common divisor of 9105 and 195?
15
Calculate the greatest common divisor of 91 and 32188.
13
What is the highest common divisor of 83509 and 854?
61
Calculate the greatest common divisor of 130224 and 96.
48
What is the highest common factor of 328 and 7308824?
328
Calculate the highest common divisor of 13 and 110669.
13
Calculate the highest common divisor of 1054250 and 250.
250
Calculate the highest common divisor of 275 and 364705.
55
What is the highest common divisor of 8784 and 1169370?
1098
What is the greatest common divisor of 370 and 130?
10
Calculate the greatest common factor of 64 and 16556.
4
What is the greatest common factor of 38905 and 1004?
251
What is the highest common divisor of 818234 and 4781?
683
Calculate the greatest common divisor of 42130 and 6490.
110
Calculate the highest common divisor of 836 and 2299.
209
What is the highest common divisor of 1868 and 11796?
4
What is the highest common divisor of 675 and 466725?
75
What is the highest common divisor of 46 and 1634426?
46
What is the greatest common factor of 4448 and 1390?
278
Calculate the highest common divisor of 288 and 68598.
18
What is the highest common factor of 4418 and 1222?
94
What is the greatest common factor of 790 and 1710?
10
Calculate the greatest common factor of 225265 and 5.
5
What is the greatest common divisor of 9672 and 585?
39
What is the highest common factor of 43 and 25929?
43
What is the greatest common factor of 1998 and 303030?
666
What is the greatest common divisor of 1372 and 572?
4
Calculate the highest common factor of 16080 and 105.
15
What is the greatest common factor of 126 and 2044?
14
What is the highest common factor of 472 and 53744?
8
Calculate the greatest common factor of 5 and 1228.
1
What is the highest common divisor of 1547 and 6643?
91
Calculate the greatest common factor of 149995 and 1374.
229
Calculate the greatest common divisor of 290 and 9106.
58
What is the highest common divisor of 6 and 4017972?
6
Calculate the greatest common factor of 58235 and 24035.
95
Calculate the greatest common divisor of 3147 and 33.
3
Calculate the highest common factor of 1290 and 15738.
258
Calculate the greatest common divisor of 261 and 27463.
29
What is the highest common divisor of 14808 and 252?
12
Calculate the greatest common factor of 25 and 77725.
25
What is the greatest common factor of 162942 and 1664?
26
Calculate the highest common factor of 4998 and 41208.
102
Calculate the greatest common factor of 21976 and 600.
8
What is the highest common factor of 15283 and 10292?
31
Calculate the highest common divisor of 121 and 577170.
121
What is the greatest common factor of 1885 and 14065?
145
Calculate the greatest common factor of 13050 and 232.
58
Calculate the greatest common divisor of 1340 and 208370.
670
What is the highest common factor of 1298 and 649?
649
What is the greatest common factor of 864 and 2934?
18
Calculate the greatest common factor of 231528 and 168.
24
Calculate the greatest common factor of 186 and 1096563.
93
What is the highest common divisor of 76370 and 1960?
70
What is the greatest common factor of 6 and 2854?
2
Calculate the greatest common divisor of 1350 and 4035690.
270
What is the greatest common factor of 1145507 and 363?
121
What is the highest common divisor of 235651 and 13?
13
What is the highest common divisor of 2112 and 9808?
16
Calculate the highest common divisor of 40 and 19130.
10
What is the highest common factor of 255 and 1875?
15
Calculate the greatest common divisor of 899 and 9512.
29
What is the highest common divisor of 343 and 2422?
7
What is the highest common divisor of 1877 and 8?
1
Calculate the highest common factor of 267915 and 159.
159
What is the greatest common divisor of 472 and 21358?
118
What is the highest common divisor of 2720 and 2190?
10
Calculate the greatest common factor of 4336 and 1104.
16
Calculate the greatest common factor of 3672 and 340.
68
Calculate the greatest common divisor of 2065 and 525.
35
Calculate the greatest common factor of 144 and 696.
24
Calculate the greatest common divisor of 66555 and 145.
145
Calculate the greatest c